{"id":22269,"date":"2020-08-18T09:05:40","date_gmt":"2020-08-18T09:05:40","guid":{"rendered":"https:\/\/gutreigalicia.com\/aviso-legal\/"},"modified":"2026-02-11T13:44:48","modified_gmt":"2026-02-11T12:44:48","slug":"aviso-legal","status":"publish","type":"page","link":"https:\/\/gutreigalicia.com\/pt-pt\/aviso-legal\/","title":{"rendered":"Aviso Legal"},"content":{"rendered":"<div class=\"fusion-fullwidth fullwidth-box fusion-builder-row-1 nonhundred-percent-fullwidth non-hundred-percent-height-scrolling\" style=\"--awb-border-radius-top-left:0px;--awb-border-radius-top-right:0px;--awb-border-radius-bottom-right:0px;--awb-border-radius-bottom-left:0px;--awb-flex-wrap:wrap;\" ><div class=\"fusion-builder-row fusion-row\"><div class=\"fusion-layout-column fusion_builder_column fusion-builder-column-0 fusion_builder_column_1_1 1_1 fusion-one-full fusion-column-first fusion-column-last\" style=\"--awb-bg-size:cover;\"><div class=\"fusion-column-wrapper fusion-column-has-shadow fusion-flex-column-wrapper-legacy\"><div class=\"fusion-text fusion-text-1\"><p style=\"text-align: center;\"><strong>AVISO LEGAL<\/strong><\/p>\n<p>\u00a0Em cumprimento ao artigo 10 da Lei 34\/2002, de 11 de julho, sobre Servi\u00e7os da Sociedade da Informa\u00e7\u00e3o e Com\u00e9rcio Eletr\u00f4nico (LSSICE), os dados de identifica\u00e7\u00e3o da empresa s\u00e3o detalhados a seguir:<\/p>\n<p>Nome da empresa: <strong>Gutrei Galicia<\/strong><\/p>\n<p>Nome da empresa: Gutrei Galicia SL.<\/p>\n<p>CIF: B27366913<\/p>\n<p>Inscrita no Registo Comercial de Lugo, Tomo 385, F\u00f3lio 55, Folha LU-12249<\/p>\n<p>Endere\u00e7o: Parcelas 10-11, Parque Empresarial B\u00f3veda, R\u00edo Mao, 15 27340 B\u00f3veda, Lugo<\/p>\n<p>Telefone: 982 87 42 66<\/p>\n<p>Neste espa\u00e7o, os usu\u00e1rios encontrar\u00e3o todas as informa\u00e7\u00f5es relativas aos termos e condi\u00e7\u00f5es legais que definem as rela\u00e7\u00f5es entre eles e a <strong>empresa. como respons\u00e1vel pela WEB.<\/strong><\/p>\n<p>A empresa como respons\u00e1vel pela WEB, assume o compromisso de tratar a informa\u00e7\u00e3o dos nossos utilizadores e clientes com todas as garantias e cumprir os requisitos nacionais e europeus que regulam a recolha e utiliza\u00e7\u00e3o dos dados pessoais dos nossos utilizadores.<\/p>\n<p>A WEB, portanto, cumpre rigorosamente o RGPD (REGULAMENTO (UE) 2016\/679 sobre prote\u00e7\u00e3o de dados) e o LSSI-CE (Lei 34\/2002, de 11 de julho, sobre Servi\u00e7os da Sociedade da Informa\u00e7\u00e3o e Com\u00e9rcio eletr\u00f4nico).<\/p>\n<p><strong>Condi\u00e7\u00f5es gerais de uso<\/strong><\/p>\n<p>As presentes Condi\u00e7\u00f5es Gerais regulam a utiliza\u00e7\u00e3o (incluindo o mero acesso) das p\u00e1ginas que integram A WEB, incluindo os conte\u00fados e servi\u00e7os nelas disponibilizados. Qualquer pessoa que aceda \u00e0 WEB compromete-se a submeter-se \u00e0s Condi\u00e7\u00f5es Gerais em vigor em todo o momento nela.<\/p>\n<p>Dados pessoais que coletamos e como o fazemos<\/p>\n<p>Leia a <a href=\"https:\/\/gutreigalicia.com\/pt-pt\/politica-de-privacidade\/\">Pol\u00edtica de Privacidade<\/a><\/p>\n<p>Compromissos e obriga\u00e7\u00f5es<\/p>\n<p>O utilizador \u00e9 informado, e aceita, que o acesso \u00e0 THE WEB n\u00e3o implica, de forma alguma, o in\u00edcio de uma rela\u00e7\u00e3o comercial com a empresa. Desta forma, o usu\u00e1rio concorda em utilizar a WEB, seus servi\u00e7os e conte\u00fados sem violar a legisla\u00e7\u00e3o em vigor, a boa f\u00e9 e a ordem p\u00fablica.<\/p>\n<p>\u00c9 proibida a utiliza\u00e7\u00e3o do SITE, para fins il\u00edcitos ou lesivos, ou que, de qualquer forma, possa causar danos ou impedir o seu funcionamento normal. Quanto ao conte\u00fado, \u00e9 proibido:<\/p>\n<p>&#8211; A sua reprodu\u00e7\u00e3o, distribui\u00e7\u00e3o ou modifica\u00e7\u00e3o, total ou parcial, a menos que tenham autoriza\u00e7\u00e3o dos seus leg\u00edtimos propriet\u00e1rios.<\/p>\n<p>&#8211; Qualquer viola\u00e7\u00e3o dos direitos do provedor ou dos leg\u00edtimos propriet\u00e1rios.<\/p>\n<p>&#8211; Seu uso para fins comerciais ou publicit\u00e1rios.<\/p>\n<p>Ao utilizar a WEB, o usu\u00e1rio concorda em n\u00e3o realizar qualquer conduta que possa prejudicar a imagem, os interesses e os direitos da empresa. ou terceiros ou que possam danificar, desabilitar ou sobrecarregar A WEB ou que impe\u00e7am, de qualquer forma, seu uso normal.<\/p>\n<p><strong>Direitos de propriedade intelectual e industrial<\/strong><\/p>\n<p>O usu\u00e1rio sabe e aceita que toda a WEB, contendo sem car\u00e1ter exaustivo o texto, software, conte\u00fados (incluindo estrutura, sele\u00e7\u00e3o, arranjo e apresenta\u00e7\u00e3o dos mesmos), podcast, fotografias, material audiovisual e gr\u00e1fico, est\u00e1 protegida por marcas, direitos direitos autorais e outros direitos leg\u00edtimos, de acordo com os tratados internacionais dos quais a Espanha \u00e9 parte e outros direitos de propriedade e leis da Espanha.<\/p>\n<p>Em virtude do disposto na Lei da Propriedade Intelectual, \u00e9 expressamente proibida a reprodu\u00e7\u00e3o, distribui\u00e7\u00e3o e comunica\u00e7\u00e3o p\u00fablica, inclusive a forma de disponibiliza\u00e7\u00e3o, de todo ou parte do conte\u00fado da WEB, para fins comerciais. qualquer suporte e por qualquer meio t\u00e9cnico, sem a autoriza\u00e7\u00e3o da empresa. O usu\u00e1rio compromete-se a respeitar os direitos de Propriedade Intelectual e Industrial de propriedade da empresa.<\/p>\n<p><strong>Links externos<\/strong><\/p>\n<p><u>THE WEB disponibiliza links para outros sites e conte\u00fados pertencentes a terceiros, tendo como \u00fanico objetivo proporcionar ao utilizador a possibilidade de aceder aos referidos links. A empresa. N\u00e3o se responsabiliza em caso algum pelos resultados que possam ser obtidos para o utilizador ao aceder a ditos links.<\/u><\/p>\n<\/div><div class=\"fusion-clearfix\"><\/div><\/div><\/div><\/div><\/div>\n","protected":false},"excerpt":{"rendered":"","protected":false},"author":53,"featured_media":0,"parent":0,"menu_order":0,"comment_status":"closed","ping_status":"closed","template":"","meta":{"footnotes":""},"class_list":["post-22269","page","type-page","status-publish","hentry"],"_links":{"self":[{"href":"https:\/\/gutreigalicia.com\/pt-pt\/wp-json\/wp\/v2\/pages\/22269","targetHints":{"allow":["GET"]}}],"collection":[{"href":"https:\/\/gutreigalicia.com\/pt-pt\/wp-json\/wp\/v2\/pages"}],"about":[{"href":"https:\/\/gutreigalicia.com\/pt-pt\/wp-json\/wp\/v2\/types\/page"}],"author":[{"embeddable":true,"href":"https:\/\/gutreigalicia.com\/pt-pt\/wp-json\/wp\/v2\/users\/53"}],"replies":[{"embeddable":true,"href":"https:\/\/gutreigalicia.com\/pt-pt\/wp-json\/wp\/v2\/comments?post=22269"}],"version-history":[{"count":0,"href":"https:\/\/gutreigalicia.com\/pt-pt\/wp-json\/wp\/v2\/pages\/22269\/revisions"}],"wp:attachment":[{"href":"https:\/\/gutreigalicia.com\/pt-pt\/wp-json\/wp\/v2\/media?parent=22269"}],"curies":[{"name":"wp","href":"https:\/\/api.w.org\/{rel}","templated":true}]}}

<div class="fusion-fullwidth fullwidth-box fusion-builder-row-1 nonhundred-percent-fullwidth non-hundred-percent-height-scrolling" style="--awb-border-radius-top-left:0px;--awb-border-radius-top-right:0px;--awb-border-radius-bottom-right:0px;--awb-border-radius-bottom-left:0px;--awb-flex-wrap:wrap;" ><div class="fusion-builder-row fusion-row"><div class="fusion-layout-column fusion_builder_column fusion-builder-column-0 fusion_builder_column_1_1 1_1 fusion-one-full fusion-column-first fusion-column-last" style="--awb-bg-size:cover;"><div class="fusion-column-wrapper fusion-column-has-shadow fusion-flex-column-wrapper-legacy"><div class="fusion-text fusion-text-1"><p style="text-align: center;"><strong>AVISO LEGAL</strong></p>
<p> Em cumprimento ao artigo 10 da Lei 34/2002, de 11 de julho, sobre Serviços da Sociedade da Informação e Comércio Eletrônico (LSSICE), os dados de identificação da empresa são detalhados a seguir:</p>
<p>Nome da empresa: <strong>Gutrei Galicia</strong></p>
<p>Nome da empresa: Gutrei Galicia SL.</p>
<p>CIF: B27366913</p>
<p>Inscrita no Registo Comercial de Lugo, Tomo 385, Fólio 55, Folha LU-12249</p>
<p>Endereço: Parcelas 10-11, Parque Empresarial Bóveda, Río Mao, 15 27340 Bóveda, Lugo</p>
<p>Telefone: 982 87 42 66</p>
<p>Neste espaço, os usuários encontrarão todas as informações relativas aos termos e condições legais que definem as relações entre eles e a <strong>empresa. como responsável pela WEB.</strong></p>
<p>A empresa como responsável pela WEB, assume o compromisso de tratar a informação dos nossos utilizadores e clientes com todas as garantias e cumprir os requisitos nacionais e europeus que regulam a recolha e utilização dos dados pessoais dos nossos utilizadores.</p>
<p>A WEB, portanto, cumpre rigorosamente o RGPD (REGULAMENTO (UE) 2016/679 sobre proteção de dados) e o LSSI-CE (Lei 34/2002, de 11 de julho, sobre Serviços da Sociedade da Informação e Comércio eletrônico).</p>
<p><strong>Condições gerais de uso</strong></p>
<p>As presentes Condições Gerais regulam a utilização (incluindo o mero acesso) das páginas que integram A WEB, incluindo os conteúdos e serviços nelas disponibilizados. Qualquer pessoa que aceda à WEB compromete-se a submeter-se às Condições Gerais em vigor em todo o momento nela.</p>
<p>Dados pessoais que coletamos e como o fazemos</p>
<p>Leia a <a href="https://gutreigalicia.com/pt-pt/politica-de-privacidade/">Política de Privacidade</a></p>
<p>Compromissos e obrigações</p>
<p>O utilizador é informado, e aceita, que o acesso à THE WEB não implica, de forma alguma, o início de uma relação comercial com a empresa. Desta forma, o usuário concorda em utilizar a WEB, seus serviços e conteúdos sem violar a legislação em vigor, a boa fé e a ordem pública.</p>
<p>É proibida a utilização do SITE, para fins ilícitos ou lesivos, ou que, de qualquer forma, possa causar danos ou impedir o seu funcionamento normal. Quanto ao conteúdo, é proibido:</p>
<p>&#8211; A sua reprodução, distribuição ou modificação, total ou parcial, a menos que tenham autorização dos seus legítimos proprietários.</p>
<p>&#8211; Qualquer violação dos direitos do provedor ou dos legítimos proprietários.</p>
<p>&#8211; Seu uso para fins comerciais ou publicitários.</p>
<p>Ao utilizar a WEB, o usuário concorda em não realizar qualquer conduta que possa prejudicar a imagem, os interesses e os direitos da empresa. ou terceiros ou que possam danificar, desabilitar ou sobrecarregar A WEB ou que impeçam, de qualquer forma, seu uso normal.</p>
<p><strong>Direitos de propriedade intelectual e industrial</strong></p>
<p>O usuário sabe e aceita que toda a WEB, contendo sem caráter exaustivo o texto, software, conteúdos (incluindo estrutura, seleção, arranjo e apresentação dos mesmos), podcast, fotografias, material audiovisual e gráfico, está protegida por marcas, direitos direitos autorais e outros direitos legítimos, de acordo com os tratados internacionais dos quais a Espanha é parte e outros direitos de propriedade e leis da Espanha.</p>
<p>Em virtude do disposto na Lei da Propriedade Intelectual, é expressamente proibida a reprodução, distribuição e comunicação pública, inclusive a forma de disponibilização, de todo ou parte do conteúdo da WEB, para fins comerciais. qualquer suporte e por qualquer meio técnico, sem a autorização da empresa. O usuário compromete-se a respeitar os direitos de Propriedade Intelectual e Industrial de propriedade da empresa.</p>
<p><strong>Links externos</strong></p>
<p><u>THE WEB disponibiliza links para outros sites e conteúdos pertencentes a terceiros, tendo como único objetivo proporcionar ao utilizador a possibilidade de aceder aos referidos links. A empresa. Não se responsabiliza em caso algum pelos resultados que possam ser obtidos para o utilizador ao aceder a ditos links.</u></p>
</div><div class="fusion-clearfix"></div></div></div></div></div>
